+ 3*m, 0 = -5*m - 40. What is the hundreds digit of x?
3
Let a = 18 + -11. Let u be 3/((-6090)/(-10318) - (-12)/(-22)). Suppose a = f - u. What is the tens digit of f?
7
Suppose -8*m + 102851 + 2617 = 25*m. What is the tens digit of m?
9
What is the hundreds digit of (-119480)/(-16)*(-32)/(-40)?
9
Let a = -51 + 56. Suppose -a*v + 4*v + 112 = 0. Let g = v - 59. What is the units digit of g?
3
Suppose -145*u = 9*u - 275968. What is the hundreds digit of u?
7
Let g be 1*3/((-9)/(-42)). Suppose 4*a - 16 = -4*t, -16*a + 4 = -12*a - 2*t. Suppose -5*n + 0 = -3*x + a, n = -3*x + g. What is the units digit of n?
2
Suppose -o = -4*r - 346, -6*o = 4*r - 11*o + 338. What is the units digit of (754/r)/(1/(-24))?
8
Suppose -6*u - 41 = 43. Let f(d) = d**2 + 11*d + 57. What is the tens digit of f(u)?
9
Suppose 64*y - 37*y = 0. Suppose -m + 3*q + 1743 = y, 4*q - 1834 - 1662 = -2*m. What is the thousands digit of m?
1
Let g = 58974 - 27851. What is the thousands digit of g?
1
Suppose -4*o + 27 = -y + 16, -7*y + 48 = -3*o. Let h be ((-9)/2)/(1/(-156)). Suppose y*b - h = 3*b. What is the units digit of b?
7
What is the hundreds digit of (-1)/((-17)/5587458*6)?
7
Let f(g) = 161*g**2 + g. Let p be f(1). Suppose x = -x + p. Suppose -h + x = z, z + 106 - 343 = -3*h. What is the tens digit of h?
7
Let k(f) be the third derivative of -f**6/120 + 2*f**5/15 - 5*f**4/24 + f**3/3 - 4*f**2. Let w be k(7). Suppose -w*m - 138 = -18*m. What is the tens digit of m?
6
Let p(k) = -6*k**2 - 5*k + 11. Let r be p(7). Let n = -228 - r. What is the tens digit of n?
9
Let j be (-4)/(-12)*(7 - -10670). Let k = j + -2058. What is the tens digit of k?
0
What is the thousands digit of 4495 - 2/(-6)*(14 + 55/(-5))?
4
Suppose 0 = -4*g - i + 34869, -428*i - 3 = -431*i. What is the hundreds digit of g?
7
Let i(z) = -176*z**3 - 20*z**2 - 47*z. What is the units digit of i(-5)?
5
Let r(y) = 40*y**2 + 9*y + 12. Let h be r(-11). Suppose 6*i + 1 - h = 0. What is the hundreds digit of i?
7
Let l be 41181/15 - (-34)/(-85). Suppose -4*j = -l + 753. What is the hundreds digit of j?
4
Suppose 5*q - 4*c - 95808 = 0, -q + 19170 = 14*c - 12*c. What is the thousands digit of q?
9
Suppose 9*c - 6*c + 5*w - 5365 = 0, -5*c + 8921 = -2*w. What is the tens digit of c?
8
Let s = -328 - -322. What is the hundreds digit of (-1)/(3710/11175 + 2/s)?
7
Let c(n) = n**2 - 3*n + 69. Let y(r) = -7*r - 63. Let w be y(-9). What is the units digit of c(w)?
9
Suppose -3*u = -2*u + 5, 2*u = -2*p - 6. Let o be (p - -1) + (-3 - -2). What is the units digit of ((-247)/(-1) + o)*8/24?
3
Suppose -11536 = -4*j + 2*o, -47 + 55 = -4*o. What is the thousands digit of j?
2
What is the thousands digit of -5 + (-149400)/(-14) + 8/14?
0
Let b = -54 - -16. Let s = b + 40. Suppose 7*h = -s*h + 792. What is the tens digit of h?
8
Let z be 10/(-4)*(-464)/20. Let v = -29 + z. Suppose 38 = 3*h + v. What is the units digit of h?
3
Let b = 41563 - -1013. What is the tens digit of b?
7
Let v(r) = 5*r**2 + 16*r - 6. Suppose 5*k + 0*g = -3*g - 35, 28 = -4*k - g. Let a be v(k). Let p = 220 - a. What is the units digit of p?
3
What is the thousands digit of ((-76182)/(-7))/((-12)/(-28))?
5
What is the hundreds digit of 7 + (-25)/4 - (1 - (-20761)/(-4))?
1
Let p be (-10)/35 - 1166/(-14). Suppose i = -n + 4*i + 315, -i = 3*n - 965. Suppose 7*z + p = n. What is the tens digit of z?
3
Let y be 1*654/(-12)*6. Let b = y - -836. Let c = -233 + b. What is the hundreds digit of c?
2
Let c = -28974 - -88635. Let a be (6/7)/((-3)/c). What is the tens digit of 2/(-7) + a/(-126)?
3
Let h(n) = -2*n**2 - n - 4. Let x be h(4). Let s = x + 33. What is the units digit of (s + 5)*(-16)/2?
6
Let a = -1644 + 973. Let r = a + 1039. What is the units digit of r?
8
Let y(t) = 2*t**3 + 17*t**2 - t - 14. Let u be (5 - 0 - 4)*42/1. Suppose 6*q + u = -0. What is the units digit of y(q)?
0
Let p(s) = -27*s + 230*s**2 - 33 - 220*s**2 + 13 + s**3. What is the tens digit of p(-12)?
1
Suppose -551127 = -48*i + 962025. What is the thousands digit of i?
1
What is the hundreds digit of 3/(-69)*-45427 - (-2)/(-23)?
9
Let m = -9955 + 18776. What is the units digit of m?
1
Let h(x) = -x**3 + 13*x**2 + 14*x - 22. Suppose 0*u - 20 = -4*q - 4*u, 0 = q - 5*u - 35. What is the tens digit of h(q)?
1
Suppose -x - o = -2, -4*x = -o - 3 + 5. Let t = 2 + x. Suppose 83 = 5*v - 2*i, i = 2*v - t*i - 31. What is the tens digit of v?
1
Suppose -89 - 1 = -10*w. Let o be w/(-18) - ((-10)/(-4) - -1). What is the tens digit of (o/8)/(3/306*-1)?
5
Let c(m) = 87*m**2 - 174*m - 1579. What is the tens digit of c(-9)?
3
Suppose 0 = i - 3*d + 12, 6*i - 9*i - 36 = -5*d. Let k = 62 + -30. Let c = k + i. What is the tens digit of c?
2
What is the units digit of (4/5)/((-18)/(-30))*3552?
6
Suppose 14*l - 281507 = -75*l. What is the tens digit of l?
6
Let y = 39 - 50. Let d = y - -62. Let m = 23 + d. What is the tens digit of m?
7
Let m = -4907 - -9026. What is the units digit of m?
9
Suppose 4*h - 21912 = -h + 2*t, 5*t + 17550 = 4*h. What is the hundreds digit of h?
3
Let m be (-5)/20 - 138/(-8). Let i = m - 13. Suppose -9*y = -i*y - 110. What is the units digit of y?
2
Let m(f) = 16*f**3 + 17*f**2 - 116*f + 98. What is the ten thousands digit of m(10)?
1
What is the thousands digit of 2/22 - (-2441448)/264 - -3?
9
Suppose -17*c - 1790 + 5326 = 0. Suppose 6*k - 3 = 5*k. Suppose -k*d = d - c. What is the units digit of d?
2
Let w be -2 + (1 - (-4 - -1)). Suppose 2*g = -g + 5*x - 5, 2*g + 5*x - 30 = 0. Suppose -y = -g*y + w*c + 160, y - 34 = 2*c. What is the tens digit of y?
4
Let a be 6/(-15)*(-5 + -5)*1. Suppose 8*l = a*l + s + 852, s - 4 = 0. What is the units digit of l?
4
Let g(v) = -2*v - 50. Let m be g(-22). What is the units digit of (-6)/(-9)*m + (-1263)/(-3)?
7
Suppose -7*d + 741 = -687. Let a = d - -109. What is the hundreds digit of a?
3
Let w(y) = -5*y + 18. Let d(a) = -1. Let o(r) = -6*d(r) + w(r). Let z be o(-10). Suppose -6*b + 368 - z = 0. What is the units digit of b?
9
Suppose 4*y + 13 - 85 = 0. Suppose 11*q - y*q - 1323 = 0. What is the units digit of 0 + (q/3)/(-1)?
3
Suppose -2*c = -c + 4*k + 282, 5*c + 1520 = 2*k. Let n = -77 - c. What is the units digit of n?
5
Suppose -5*c + 24732 + 7945 = -43723. What is the thousands digit of c?
5
Suppose 3*a - 2 = 5*c - a, 5*c - a = 7. Suppose -3*k + c*r - 4 = 0, 5 = 4*k - 9*k + 3*r. Let p(n) = 22*n**2 - 2*n + 2. What is the units digit of p(k)?
6
Let h(z) = 3*z**3 - 6*z**2 + 15*z - 9. Let i be h(9). Let n = i + -928. What is the tens digit of n?
9
Let n = 61 + -58. Suppose -n*s - 3*s = -s. What is the units digit of 240 - (2 + s) - 1?
7
Let l be (-8)/(-2) - (5 + -9). Suppose 146 = l*o + 394. Let s = o + 165. What is the units digit of s?
4
Suppose -480 = v + 369. Let i = v + 1207. What is the hundreds digit of i?
3
Let u = -294 + 159. What is the tens digit of (-60)/(-3*(-5)/u)?
4
Let x(l) = -l**3 - 21*l**2 + 20*l + 30. What is the units digit of x(-29)?
8
Let y be -4 + -176 + (-4 - -7). Let p = y + 99. What is the units digit of (7/(-3) - -1)*p?
4
Suppose 171 = 8*n + 139. Suppose -r + 462 = n*d, -2*d + 2310 = -r + 6*r. What is the tens digit of r?
6
Let v(u) be the third derivative of u**6/120 + 3*u**5/20 - 11*u**4/12 + 5*u**3/3 + 38*u**2. What is the tens digit of v(-10)?
3
Let l(o) = -10*o - 2*o**2 + 13*o**3 - o**2 - 6*o + 27 + 19*o - 2*o**2. What is the units digit of l(4)?
1
Suppose -98 = 5*r - 568. Suppose 0 = -4*g + 258 + 134. Suppose -x + g = i - 3*x, 2*x = -i + r. What is the units digit of i?
6
Suppose -86*y - 1245 = -83*y. Let f = y - -177. Let t = -136 - f. What is the hundreds digit of t?
1
Let l = 135 - 89. Suppose 0 = -l*b + 54*b - 496. What is the units digit of b?
2
Let j(b) = 409*b**2 + 46*b - 93. Let r be j(2). Let y = -949 + r. What is the tens digit of y?
8
Suppose 4*a + 14*a - 708741 - 151749 = 0. What is the tens digit of a?
0
What is the tens digit of (-4 - -12988)/8 - (-5)/1?
2
Let f(a) = a**3 + 6*a**2 + 5*a + 10. Let g be f(-5). Suppose g*u = -u + 44. What is the units digit of ((-2)/u)/((-4)/(0 + 512))?
4
Suppose -4*o - 5*g = -241195, o + 3*g - 68357 = -8053. What is the units digit of o?
5
Let d(s) = -s**3 + 4*s + 5 - 2*s + 3*s**2 + 2*s**2. Suppose b + 21 = -5*y, -5*b - 9 = 5*y - 4. What is the units digit of d(b)?
9
Suppose 5